-2 + 1). Let f be (-60)/8*(-110)/v. Suppose -5*h + 10*h = 3*x + f, -3*x = -2*h + 31. What is the remainder when h is divided by 3?
2
Let a = 1365 - 1056. What is the remainder when 625 is divided by a?
7
Suppose -w = -5*i + 202, 13*i - 14*i + 32 = 4*w. What is the remainder when 97 is divided by i?
17
Let l(j) = j**3 - 2*j**2 - 2*j + 3. Let g be l(3). Suppose -14*m = -12*m - g. Calculate the remainder when 0 + 59 + (1 - m) is divided by 29.
28
Let t(g) = 7*g + 101. Let k be t(-14). Calculate the remainder when ((-2 - -3) + 32)*9/k is divided by 26.
21
Let m = 203 + -195. Suppose 30 + 3 = h - 2*i, m = 4*i. What is the remainder when h is divided by 21?
16
Let r = 363 - 93. Let i = -236 + r. Calculate the remainder when 92 is divided by i.
24
Let m(u) = -36*u**2 - 394*u + 50. Calculate the remainder when 128 is divided by m(-11).
16
Suppose -996 = -7*n - 961. Suppose -n*d = -d - 68. Calculate the remainder when 131 is divided by d.
12
Let f(t) = t**3 - 52*t**2 - 235*t + 848. Calculate the remainder when f(56) is divided by 118.
114
Let g(s) be the first derivative of 14 + 0*s**3 + 1/2*s**2 - 2*s + 95/4*s**4. What is the remainder when g(1) is divided by 19?
18
Let k(q) = -156*q - 514. Calculate the remainder when k(-4) is divided by 64.
46
Let h(p) = p**3 + 5*p**2 - 10*p - 24. Let n be h(-6). Suppose 3*c = r - 43, -r - 2*c + 19 + 29 = n. Calculate the remainder when r is divided by 25.
21
Let l(j) = j**3 - 5*j**2 - 3*j - 31. What is the remainder when 99 is divided by l(7)?
7
Suppose 0 = -4*f + 2*z + 8534, -738*z - 27 = -735*z. Calculate the remainder when 4286 is divided by f.
28
Let l(b) = 50*b**2 + 26*b - 3*b + 31 - 49*b**2. Let s be l(-21). Let j = 6 - s. What is the remainder when 46 is divided by j?
12
Let m be (-16)/((-96)/(-9))*(4 + 0). What is the remainder when 36 is divided by (-779)/(-57) - ((-16)/m)/4?
10
Suppose -s + 260 = -4*k, -4*s - k + 601 = -507. Suppose 6*t - 4*n = 2*t + s, 3*n = -2*t + 153. What is the remainder when t is divided by 40?
32
Suppose 4*l = 4*x + 1483 + 813, 2*l = -2*x + 1140. Let a = 1351 - l. Calculate the remainder when a is divided by 60.
59
Let w(k) = -1728*k**2 + 21*k + 22. Let f be w(-1). Calculate the remainder when (-5)/20 - f/44 is divided by 15.
9
Suppose -5*f - 252 = z, 6*z - 4*z = -f - 54. Let y = f + 105. Suppose -4*w - 3*j = -26 - y, -4*w + 60 = -4*j. Calculate the remainder when 89 is divided by w.
17
Calculate the remainder when 850 is divided by (-728)/(-12) + 3/9.
57
Suppose -639*y = -658*y + 2223. What is the remainder when y is divided by 109?
8
Let p(a) = 101*a**2 + 4*a - 4. Let f be p(1). Suppose -6*v + 5*v = -f. Suppose -2*m + 27 = -s - v, 67 = m + s. What is the remainder when m is divided by 34?
31
Suppose 0 = 3*c + 4*g + 5136, 0*g - 4*g = -2*c - 3404. Let f = c + 948. Calculate the remainder when 29 is divided by (4/(-10))/(19/f).
13
Let y(d) = 44*d + 656. What is the remainder when 1461 is divided by y(-14)?
21
Let w(l) be the second derivative of 2/3*l**3 - 9*l**2 + 1/12*l**4 + 36 + 2*l. What is the remainder when w(8) is divided by 20?
18
Let q(n) = n**3 + 22*n**2 + 22*n + 26. Let r be q(-21). Suppose -r*d + 268 = -1347. What is the remainder when d is divided by 12?
11
Suppose 12 = 76*q - 79*q. Calculate the remainder when 62 is divided by 90/(-36) + (-102)/q.
16
Let f = -6106 - -6136. Calculate the remainder when 380 is divided by f.
20
Let l(a) = -57*a**3 + 2*a**2 - 1. Let w = 169 + -171. Calculate the remainder when l(-1) is divided by 7/7*(17 + w).
13
Let s = -127 - -113. What is the remainder when 217 is divided by (s - (-3)/3)*(-33 + 32)?
9
Let d be (-3)/(-4)*(-6)/(-9)*772. Suppose -7*c + 6 = -d. What is the remainder when c is divided by 21?
14
Let y = -9391 - -9444. Suppose 5*d + 40 = 5*r - 50, -2*d = -4*r + 82. Suppose r = -j + 126. What is the remainder when j is divided by y?
50
Let j(f) = 5*f**3 - f**2 - 2*f. Suppose -c + 7*o = 11*o - 13, -3*c - 3*o = -30. Suppose 0 = c*t - 62 - 37. What is the remainder when j(2) is divided by t?
10
Suppose 8*w + 55 + 529 = 0. Let c = w + 84. What is the remainder when 514 is divided by c?
8
Suppose -9 = 352*v - 8272 - 20249. What is the remainder when 526 is divided by v?
40
Calculate the remainder when 3533 is divided by 92/10*2/5*200/32.
14
Suppose j + z - 4*z = 301, -3*j + 5*z + 923 = 0. Let c = -139 + j. What is the remainder when c is divided by 30?
27
Let t be (146/(-3))/((-6)/(-9)). Let v = -85 - t. Let f = 9 - v. What is the remainder when 62 is divided by f?
20
Let k = 14155 - 13885. What is the remainder when k is divided by 150?
120
Let m = 18 + 0. Suppose -6*s - 4*i + 5*i = -17*s + 639, 0 = 4*i - 48. What is the remainder when s is divided by m?
3
Let l(m) = -4*m - 5. Let s = -856 - -19. Let f = s - -871. What is the remainder when f is divided by l(-6)?
15
Let l(j) = -5*j - 38. Let b be l(-21). Calculate the remainder when (0 - -1)*(356 + b) is divided by 85.
83
Let g(u) = -676*u + 5617. Calculate the remainder when 420 is divided by g(8).
2
Suppose 4*g - 5*t = -56, 4*g - t = t - 68. Let p = g + 36. What is the remainder when (792/(-1320))/((-3)/235) is divided by p?
13
Let m(l) = -4*l**3 - 12*l**2 - 43*l - 124. What is the remainder when 442 is divided by m(-4)?
106
Let s(f) = 8*f**2. Let b be (39/6 - 5)*84/2. Let y = b + -24. What is the remainder when y is divided by s(-1)?
7
Suppose 2*g - 354 = -2*q, -5*q = 2*g - 9*q - 366. Suppose g = s + 49. Calculate the remainder when s is divided by 69.
61
Let g(t) = -t**3 - 6*t**2 + 10*t - 6. Let f be g(-8). Let w = -21 + f. Calculate the remainder when 122 is divided by (64 - w) + -3 + 1 + 1.
38
Suppose 0 = -75*g + 15808 - 2184 + 3101. Calculate the remainder when 520 is divided by g.
74
Let m = 2032 - 2027. Calculate the remainder when 9 is divided by m.
4
Let k(z) = 211*z - 335. Calculate the remainder when 317 is divided by k(2).
56
Let i = -206 + 90. Let h = i + 153. Suppose 2*r = h + 47. Calculate the remainder when 250 is divided by r.
40
Calculate the remainder when 3204 is divided by (-35)/28*4 - (-224 - -5).
208
Suppose 2*u - 623 + 345 = -2*y, 5*u + 425 = 3*y. Calculate the remainder when 708 is divided by y.
8
Suppose -24335*t - 2550 = -24360*t. What is the remainder when 596 is divided by t?
86
Suppose -11*v + 18*v = 336. Let k be 8/6*18/v*6. Suppose -2*l - l = 2*b - 42, -2*l = -k*b + 63. What is the remainder when b is divided by 4?
1
Suppose -4*q - 2*y = -526, -4*y - y + 267 = 2*q. Let u = q + -123. Suppose 0 = -5*r + 117 + 38. What is the remainder when r is divided by u?
7
Let v = -12136 - -12156. What is the remainder when 1899 is divided by v?
19
What is the remainder when (-1408)/(-3520)*(0 + 535) is divided by 148?
66
Suppose 0 = -r + 10*r + 1989. Let p = r - -324. What is the remainder when p is divided by 36?
31
Let l(s) = -3*s**3 + 8*s**2 - 16*s + 28. Let p be l(4). Let o = 151 + p. Let y(c) = c**2 + 2. What is the remainder when o is divided by y(4)?
15
Suppose -8*q = -4*q + 132. What is the remainder when q/11*1*-25*5 is divided by 95?
90
Suppose -o - 4*k + 6 = 0, -2*o - 91 + 99 = 4*k. Suppose -o*u + 5*i = -28, 3*u + i - 16 = 9. Calculate the remainder when 102 is divided by u.
3
Let a(s) = 43*s + 870. Calculate the remainder when 13929 is divided by a(-20).
9
Let c(x) = 35*x**2 - 5*x - 18. Let z = -79 - -76. Let q be c(z). Suppose -4*s = 0, -4*s + 2*s + q = 3*o. Calculate the remainder when o is divided by 35.
34
Let w(a) = a**3 - a**2 + 2*a + 49. Let d = -423 - -423. Calculate the remainder when 244 is divided by w(d).
48
Suppose -6 = -2*u - 18, t - 5*u - 40 = 0. What is the remainder when 29 is divided by t?
9
Let r = -7 - -160. Let d = -78 + r. Calculate the remainder when 299 is divided by d.
74
Let w = -72 - -84. Suppose -s = -0*s - 3*u - 23, -s - 4*u - w = 0. Calculate the remainder when 40 is divided by s.
0
Let d(y) = -6*y**3 + 8*y**2 + 16*y - 59. Let a(l) = l**3 + l**2 + 1. Let x(v) = -5*a(v) - d(v). What is the remainder when x(14) is divided by 3?
2
Let v(i) = -139*i - 225. What is the remainder when 151 is divided by v(-2)?
45
Suppose 5*p - 3 = 7. Suppose -p*f + 3*b = 72 - 175, 3*f = -5*b + 107. Suppose 4*s = f - 36. Calculate the remainder when 9 is divided by s.
1
Suppose 4*t + 768*j = 773*j + 45, 2*j + 2 = 0. What is the remainder wh